s the units digit of 1/(c/(-5)*1)?
5
Let u(n) = -n**2 + 4*n + 2. Let l be u(4). Suppose -4*t = -5*a - 55, t + 5*a - 18 = l*a. Suppose 4*g - t = 25. What is the units digit of g?
0
Let q(s) be the second derivative of s**4/12 + s**3/2 + s**2 - 3*s. What is the tens digit of q(-6)?
2
Let n(c) = -11*c**2 + 8*c + 14. Let s(g) = 4*g**2 - 3*g - 5. Let z(r) = 3*n(r) + 8*s(r). Let f be z(0). What is the units digit of f - (-1 - -3)*-1?
4
Suppose 4*u + 13 + 1 = -5*l, -6 = 2*l + 2*u. Let j be 1*(-2)/(0 - 2). Let t = j - l. What is the units digit of t?
3
Suppose b = w + 2*w + 84, -74 = -b + w. Suppose -i + 2*d = -0*d - 36, 2*i = 3*d + b. Suppose 4*m - i = m. What is the tens digit of m?
1
Let k = 624 - 366. What is the hundreds digit of k?
2
Let f be (6/4)/(9/144). What is the tens digit of (-1)/((-74)/f - -3)?
1
Let y(z) = 0*z - 2*z - 5 + z**3 + 0*z - 4*z**2. Let c be y(5). Let x(l) = -l + 13. What is the units digit of x(c)?
3
Let h be (-3)/(2/((-8)/(-6))). Let t be (-4)/(-1) - (-4)/h. Suppose 0 = -3*w + t*q + 16, -12 = -6*w + 3*w + 3*q. What is the units digit of w?
8
Suppose 124 = 3*w + 40. What is the tens digit of w?
2
Let v = -2 + -1. Let g = v + 5. What is the units digit of (-6)/(-3)*5/g?
5
Let h be 2/2*-2 - 4. What is the units digit of -2*(1 + h + 1)?
8
Let s(x) = 11*x + 2. Let j be s(9). Suppose 3*m + n - j = 0, m = -n + 6 + 25. What is the units digit of m?
5
Let u(i) = i + 3. Let b be u(-4). Let o be -1 + (b - (-28)/2). Let c = o - 6. What is the units digit of c?
6
What is the tens digit of (5 + 56/(-12))*36?
1
Let q(k) = -8 + k**2 - 4*k**2 + 3 - k**3. What is the tens digit of q(-5)?
4
Let m(d) = d + 11. Let a be (-237)/27 - (-2)/(-9). What is the units digit of m(a)?
2
Let d(k) = -8*k + 2. Let w be d(-2). Suppose -i = -0*i - w. What is the tens digit of i?
1
Let w(u) = -u**2 + 6*u - 9. Let y be w(6). What is the tens digit of 12 - 0*(-3)/y?
1
Suppose -q - 6 = -3*t, 5*t + 5 = -2*q + 4*t. Let a(j) = -j**3 + 5*j + 4. What is the tens digit of a(q)?
1
Suppose 3 = i, i = 5*t - 3*i + 262. What is the units digit of (60/t)/((-2)/5)?
3
Suppose -2*l + 105 = v, 2*l - 4*l - 299 = -3*v. What is the units digit of v?
1
Let w(g) = -g**3 - 11*g**2 - 11*g - 7. Let t be w(-10). Suppose 7 = t*p + 1. Suppose -p*j + 4*j - 42 = 0. What is the units digit of j?
1
Let c = 13 + -38. What is the units digit of 10/c*(1 - 6)?
2
Suppose 0 = -7*x + 3*x + 8. Suppose 18 = x*y - 68. What is the units digit of y?
3
Let g = 246 - 112. What is the hundreds digit of g?
1
Suppose -2*r + 52 = 4*b, 2*b = -0*r - 2*r + 26. What is the tens digit of b?
1
Suppose -m + 24 = 2*m. Suppose a = -3*a + w + 38, 4*w - m = 0. Suppose -2*x + 7*x - a = 0. What is the units digit of x?
2
Let x = 9 + -8. Let l(k) = 3*k. Let w be l(x). Suppose -f - w*f + 56 = 0. What is the units digit of f?
4
Let k(d) = 3*d - 6. Let u be k(7). Suppose u = l - x, -3*x = -3*l - x + 43. What is the units digit of l?
3
Suppose 0 = -4*d - 2*x + 16, -4*x = -2*d - 3*x + 8. Suppose -78 = -d*y - 3*o + 91, 4*y - 5*o = 145. What is the units digit of y?
0
What is the tens digit of 4/(-16) - 338/(-8)?
4
Let t(u) = -2*u - 1. Let g(i) = -i - 1. Let z(r) = -3*g(r) + 2*t(r). Let x be (-3)/3 + (1 - 0). What is the units digit of z(x)?
1
Let g(n) = 3*n - 4. Let u be g(8). Let r be ((-9)/(-6))/((-2)/(-8)). What is the tens digit of ((-105)/u)/(r/(-16))?
1
Let n(k) = k**2 + 6*k - 1. Let r be n(-5). What is the tens digit of (-186)/(-18) - 4/r?
1
Let l(n) = 7*n**2 + 3*n. Let v be l(-3). Let z = -34 + v. What is the tens digit of z?
2
What is the units digit of (112 - 27)*(0 + 0 + 1)?
5
Suppose 0 = -5*n + 5*d - 15, 2*n = d - 7 + 1. Let k = 6 - n. What is the units digit of k?
9
Let k = 690 + -380. What is the units digit of k?
0
Let g(a) = a**3 + 6*a**2 + 2*a + 6. Let t be ((-6)/(-5))/((-7)/35). Let m be g(t). What is the units digit of (2/(-3))/(2/m)?
2
Suppose -4*i + 3*x + 46 = x, 5*i - x = 50. What is the units digit of (i/4)/((-2)/(-8))?
9
What is the tens digit of 4/24 - 706/(-12)?
5
Let j = -4 + 4. Suppose -3*f + 3*g = -g - 12, -4*f - 2*g + 16 = j. What is the units digit of f?
4
Let g(v) = v**2 + 9*v + 4. Let c be g(-8). Let b(d) = 14*d + 6. Let r be b(c). What is the tens digit of ((-8)/(-10))/((-4)/r)?
1
Let n(l) be the first derivative of l**4/2 - 4*l**3/3 - l**2/2 - 2*l - 8. What is the units digit of n(4)?
8
Let o(b) = -b**3 - b**2 - 2. Let m be o(-2). Let z be (m/4)/(-1)*-2. What is the units digit of z/(-3) - (-20)/6?
3
Suppose 3*x + p - 628 = 0, 766 + 78 = 4*x - 2*p. What is the hundreds digit of x?
2
Suppose 3*t = 4*t - 4. Let s(c) = c**3 + 10*c**2 + 8*c - 6. Let v be s(-9). Suppose -v*i - t*o = -10, -1 = -o - 0*o. What is the units digit of i?
2
Suppose -2*i + 2*b = -i - 65, 162 = 2*i + 4*b. What is the tens digit of i?
7
Suppose -7 = -5*p + 28. Suppose p*r = -0*r + 49. What is the units digit of r?
7
Suppose -3*t + 7*t = 4*c + 72, c + 5 = 0. Let i = 30 - t. What is the units digit of i?
7
Let s(k) = 0*k + 10 + 0*k - 2*k + k**3 - 8*k**2. Let a be s(8). Let m(z) = -z**3 - 7*z**2 - 7*z - 1. What is the units digit of m(a)?
5
Let b = 61 - 37. What is the tens digit of b?
2
Let s = 4 + 6. Let o = -6 - -8. Suppose s - o = a. What is the units digit of a?
8
Let m = 22 - -258. What is the tens digit of m?
8
Let z(s) = 3*s**2 + 24*s + 28. What is the units digit of z(-12)?
2
Suppose -2*y + 22 = -4*y. Let f = -1 - y. Suppose 5*c - f - 5 = 0. What is the units digit of c?
3
Let b = 12 + -9. What is the units digit of b?
3
Suppose 5*y + 321 = -a, -a - a = -2*y - 126. Let z = y + 91. What is the tens digit of z?
2
Suppose 4*s + 46 = 2*z - s, -55 = -3*z + 4*s. Let j = z + -9. What is the units digit of (0 - j)/((-1)/2)?
8
Let r(b) = 3*b**2 + 4*b - 1. Let n be r(3). Suppose -46 = -3*f + n. What is the tens digit of f?
2
Suppose 2*t - 12 = -2*t. Suppose -4 = -u - t*l, -u + 16 = 3*u - 2*l. What is the units digit of u?
4
Suppose 4*d - 4*h + 228 = -h, -2*d + 3*h - 108 = 0. Let s = d + 108. What is the units digit of s?
8
Let m = -162 + 114. Let d = -34 - m. What is the tens digit of d?
1
Let o(x) = x**2 - 13*x + 8. Let d(a) = -a**2 + 14*a - 9. Let p(k) = -3*d(k) - 4*o(k). What is the units digit of p(7)?
6
Let o(x) = -x**3 - 7*x**2 - 8*x - 2. What is the tens digit of o(-6)?
1
Let n be ((-3)/2)/(3/6). Let s = -6 - n. What is the units digit of 38/3 - 1/s?
3
Suppose 0 = 2*j + 3*j - 160. Suppose i = 5*u + 115, u - 3*i = -0*u - 23. Let s = j + u. What is the units digit of s?
9
Let k(t) = 4*t**2 - 1. Let q be k(2). Suppose 3*a = -4*y - 25, -a + 0*y - 3*y - q = 0. What is the units digit of 18*a/((-12)/2)?
9
Let s = -121 - -227. Let u be s/22 - (-8)/44. Let a(q) = 3*q - 6. What is the units digit of a(u)?
9
Let f = -37 + 92. What is the tens digit of f?
5
Let c = 4 + 2. Suppose -i = -4*s + 84, -s - i + 10 + c = 0. What is the tens digit of s?
2
Suppose 0 = -2*g - 4*h + 50, -5*g + 3*h + 118 + 33 = 0. Let v = g - 19. What is the units digit of v?
0
Let n(a) = -2*a**2 + 2*a + 2. Let g be n(-2). What is the tens digit of ((-8)/(-5))/((-1)/g)?
1
What is the units digit of (0/(-3))/1 + 23?
3
Let m(v) = v**2 - 2*v. Let x(r) = r**2 + 9*r - 13. Let d be x(-10). What is the tens digit of m(d)?
1
Suppose 2*b = 4*b - 4. Suppose b*a + 3*p - 58 = 0, 5*a - p - 102 = a. What is the tens digit of a?
2
Suppose w - 4*b + 1 = -0, -5*b - 1 = -2*w. What is the units digit of w?
3
Suppose 23*z - 22*z = 11. What is the units digit of z?
1
Suppose i - 216 = -59. What is the tens digit of i?
5
What is the tens digit of (-4)/(-12) - (-8)/3 - -36?
3
Let m = 3 - 3. Let d(x) = m*x - 4 + 5*x + 0 + x**2. What is the units digit of d(-6)?
2
Suppose 0 = -8*m + 58 + 510. What is the units digit of m?
1
What is the units digit of (-12)/(-8) - (-38)/4?
1
Let w = -33 + 20. Let h = 8 - w. What is the tens digit of h?
2
Let j(g) = g**2 - 5*g + 5. Let l be j(5). Suppose 0 = -z + 5*f - 8, -4*f + 47 = l*z. What is the units digit of z?
7
Suppose k + 3*k - 80 = 0. What is the tens digit of k - 1 - (-2 - -5)?
1
Suppose -s + 40 = -0*s. What is the units digit of s?
0
Let v(g) = g**3 - g**2 - g. Let s(q) = 7*q**3 - 7*q**2 - 3*q + 1. Let y(x) = s(x) - 5*v(x). What is the units digit of y(2)?
3
What is the tens digit of (0 - (3 + -1)) + 32?
3
Let l(d) = -d**3 - 8*d**2 + 7*d + 